{"id":184,"date":"2022-10-19T06:47:27","date_gmt":"2022-10-19T06:47:27","guid":{"rendered":"https:\/\/kanzlei.duaminds.com\/duaminds\/?page_id=184"},"modified":"2024-06-21T00:22:51","modified_gmt":"2024-06-21T00:22:51","slug":"markus-strater","status":"publish","type":"page","link":"https:\/\/kanzlei.duaminds.com\/?page_id=184","title":{"rendered":"Markus Str\u00e4ter"},"content":{"rendered":"<div id=\"cs-content\" class=\"cs-content\"><div class=\"x-section e184-e1 m54-0 m54-1 m54-2\"><div class=\"x-row x-container max width e184-e2 m54-6 m54-7 m54-8\"><div class=\"x-row-inner\"><div class=\"x-col e184-e3 m54-j m54-k\"><span class=\"x-image e184-e4 m54-o m54-5 x-effect-exit\" data-x-effect=\"{&quot;scroll&quot;:true,&quot;offsetTop&quot;:&quot;20%&quot;,&quot;offsetBottom&quot;:&quot;20%&quot;,&quot;behaviorScroll&quot;:&quot;fire-once&quot;}\"><img decoding=\"async\" src=\"https:\/\/kanzlei.duaminds.com\/wp-content\/uploads\/2024\/06\/IMG_3901-removebg-preview.jpg\" width=\"246\" height=\"253\" alt=\"Placeholder Image\"><\/span><\/div><div class=\"x-col e184-e5 m54-j m54-k\"><hr class=\"x-line x-hide-sm x-hide-xs e184-e6 m54-p m54-q m54-r\"><\/hr><div class=\"x-text x-text-headline e184-e7 m54-u m54-v m54-w m54-x m54-y m54-z\"><div class=\"x-text-content\"><div class=\"x-text-content-text\"><h1 class=\"x-text-content-text-primary\">Markus Str\u00e4ter <\/h1><\/div><\/div><\/div><div class=\"x-text x-text-headline e184-e8 m54-u m54-v m54-x m54-y m54-10 m54-11 m54-12\"><div class=\"x-text-content\"><div class=\"x-text-content-text\"><h1 class=\"x-text-content-text-primary\">Notar & Rechtsanwalt <\/h1><\/div><\/div><\/div><div class=\"x-text x-text-headline e184-e9 m54-u m54-v m54-x m54-y m54-10 m54-11 m54-12\"><div class=\"x-text-content\"><div class=\"x-text-content-text\"><h1 class=\"x-text-content-text-primary\">Fachanwalt f\u00fcr Verwaltungsrecht<\/h1><\/div><\/div><\/div><div class=\"x-text x-text-headline e184-e10 m54-u m54-v m54-x m54-y m54-10 m54-11 m54-12 m54-13\"><div class=\"x-text-content\"><div class=\"x-text-content-text\"><h1 class=\"x-text-content-text-primary\">Fachanwalt f\u00fcr Bau- und Architektenrecht\n<\/h1><\/div><\/div><\/div><\/div><\/div><\/div><\/div><div class=\"x-section e184-e11 m54-1 m54-3 m54-4\"><div class=\"x-row x-container max width e184-e12 m54-6 m54-7 m54-9\"><div class=\"x-row-inner\"><div class=\"x-col e184-e13 m54-j m54-k\"><div class=\"x-text x-text-headline e184-e14 m54-u m54-v m54-14 m54-15\"><div class=\"x-text-content\"><div class=\"x-text-content-text\"><h1 class=\"x-text-content-text-primary\">Geboren:<\/h1><\/div><\/div><\/div><hr class=\"x-line e184-e15 m54-1b\"><\/hr><div class=\"x-text x-text-headline e184-e16 m54-u m54-v m54-10 m54-14 m54-16\"><div class=\"x-text-content\"><div class=\"x-text-content-text\"><h1 class=\"x-text-content-text-primary\"><ul>\n \t<li>1962<\/li>\n<\/ul><\/h1><\/div><\/div><\/div><hr class=\"x-line e184-e17 m54-p m54-q m54-s\"><\/hr><div class=\"x-text x-text-headline e184-e18 m54-u m54-v m54-14 m54-15\"><div class=\"x-text-content\"><div class=\"x-text-content-text\"><h1 class=\"x-text-content-text-primary\">Ausbildung:&nbsp;<\/h1><\/div><\/div><\/div><hr class=\"x-line e184-e19 m54-1b\"><\/hr><div class=\"x-row e184-e20 m54-6 m54-7 m54-a\"><div class=\"x-row-inner\"><div class=\"x-col e184-e21 m54-j m54-k\"><div class=\"x-text x-text-headline e184-e22 m54-u m54-v m54-10 m54-14 m54-16\"><div class=\"x-text-content\"><div class=\"x-text-content-text\"><h1 class=\"x-text-content-text-primary\"><ul>\n \t<li><span>1988 - 1990<\/span><\/li>\n<\/ul><\/h1><\/div><\/div><\/div><\/div><div class=\"x-col e184-e23 m54-j m54-k\"><div class=\"x-text x-text-headline e184-e24 m54-u m54-v m54-10 m54-14 m54-16\"><div class=\"x-text-content\"><div class=\"x-text-content-text\"><h1 class=\"x-text-content-text-primary\">Referendariat am Landgericht Dortmund<\/h1><\/div><\/div><\/div><hr class=\"x-line e184-e25 m54-q m54-s m54-t\"><\/hr><\/div><\/div><\/div><div class=\"x-row e184-e26 m54-6 m54-7 m54-b\"><div class=\"x-row-inner\"><div class=\"x-col e184-e27 m54-j m54-k\"><div class=\"x-text x-text-headline e184-e28 m54-u m54-v m54-10 m54-14 m54-16\"><div class=\"x-text-content\"><div class=\"x-text-content-text\"><h1 class=\"x-text-content-text-primary\"><ul>\n \t<li><span>1981 - 1986\u00a0<\/span><\/li><\/h1><\/div><\/div><\/div><\/div><div class=\"x-col e184-e29 m54-j m54-k\"><div class=\"x-text x-text-headline e184-e30 m54-u m54-v m54-10 m54-14 m54-16\"><div class=\"x-text-content\"><div class=\"x-text-content-text\"><h1 class=\"x-text-content-text-primary\"><span>Studium der Rechtswissenschaften an der Ruhr-Universit\u00e4t Bochum<\/span><\/h1><\/div><\/div><\/div><\/div><\/div><\/div><hr class=\"x-line e184-e31 m54-p m54-q m54-s\"><\/hr><div class=\"x-text x-text-headline e184-e32 m54-u m54-v m54-14 m54-15\"><div class=\"x-text-content\"><div class=\"x-text-content-text\"><h1 class=\"x-text-content-text-primary\">Beruflicher Werdegang: <\/h1><\/div><\/div><\/div><hr class=\"x-line e184-e33 m54-1b\"><\/hr><div class=\"x-row e184-e34 m54-6 m54-7 m54-c\"><div class=\"x-row-inner\"><div class=\"x-col e184-e35 m54-j m54-k\"><div class=\"x-text x-text-headline e184-e36 m54-u m54-v m54-10 m54-14 m54-16\"><div class=\"x-text-content\"><div class=\"x-text-content-text\"><h1 class=\"x-text-content-text-primary\"><ul>\n \t<li><span>2012\u00a0<\/span><\/li>\n<\/ul><\/h1><\/div><\/div><\/div><\/div><div class=\"x-col e184-e37 m54-j m54-k\"><div class=\"x-text x-text-headline e184-e38 m54-u m54-v m54-10 m54-14 m54-16\"><div class=\"x-text-content\"><div class=\"x-text-content-text\"><h1 class=\"x-text-content-text-primary\"><span>Bestellung zum Pr\u00fcfer f\u00fcr notarielle Fachpr\u00fcfungen<\/span><\/h1><\/div><\/div><\/div><hr class=\"x-line e184-e39 m54-q m54-s m54-t\"><\/hr><\/div><\/div><\/div><div class=\"x-row e184-e40 m54-6 m54-7 m54-d\"><div class=\"x-row-inner\"><div class=\"x-col e184-e41 m54-j m54-k\"><div class=\"x-text x-text-headline e184-e42 m54-u m54-v m54-10 m54-14 m54-16\"><div class=\"x-text-content\"><div class=\"x-text-content-text\"><h1 class=\"x-text-content-text-primary\"><ul>\n \t<li><span>2007\u00a0<\/span><\/li>\n<\/ul><\/h1><\/div><\/div><\/div><\/div><div class=\"x-col e184-e43 m54-j m54-k\"><div class=\"x-text x-text-headline e184-e44 m54-u m54-v m54-10 m54-14 m54-16\"><div class=\"x-text-content\"><div class=\"x-text-content-text\"><h1 class=\"x-text-content-text-primary\"><span>Ernennung zum Notar<\/span><\/h1><\/div><\/div><\/div><hr class=\"x-line e184-e45 m54-q m54-s m54-t\"><\/hr><\/div><\/div><\/div><div class=\"x-row e184-e46 m54-6 m54-7 m54-e\"><div class=\"x-row-inner\"><div class=\"x-col e184-e47 m54-j m54-k\"><div class=\"x-text x-text-headline e184-e48 m54-u m54-v m54-10 m54-14 m54-16\"><div class=\"x-text-content\"><div class=\"x-text-content-text\"><h1 class=\"x-text-content-text-primary\"><ul>\n \t<li><span>2005<\/span><\/li>\n<\/ul>\n<p><\/p><\/h1><\/div><\/div><\/div><\/div><div class=\"x-col e184-e49 m54-j m54-k\"><div class=\"x-text x-text-headline e184-e50 m54-u m54-v m54-10 m54-14 m54-16\"><div class=\"x-text-content\"><div class=\"x-text-content-text\"><h1 class=\"x-text-content-text-primary\"><span>Ernennung zum Fachanwalt f\u00fcr Bau- und Architektenrecht<\/span><\/h1><\/div><\/div><\/div><hr class=\"x-line e184-e51 m54-q m54-s m54-t\"><\/hr><\/div><\/div><\/div><div class=\"x-row e184-e52 m54-6 m54-7 m54-f\"><div class=\"x-row-inner\"><div class=\"x-col e184-e53 m54-j m54-k\"><div class=\"x-text x-text-headline e184-e54 m54-u m54-v m54-10 m54-14 m54-16\"><div class=\"x-text-content\"><div class=\"x-text-content-text\"><h1 class=\"x-text-content-text-primary\"><ul>\n \t<li><span>2003\u00a0<\/span><\/li>\n<\/ul><\/h1><\/div><\/div><\/div><\/div><div class=\"x-col e184-e55 m54-j m54-k\"><div class=\"x-text x-text-headline e184-e56 m54-u m54-v m54-10 m54-14 m54-16\"><div class=\"x-text-content\"><div class=\"x-text-content-text\"><h1 class=\"x-text-content-text-primary\"><p><span>Ernennung zum ehrenamtlichen Mitglied der Vergabekammer<\/span><br \/>\n<span>in der Bezirksregierung Arnsberg<\/span><\/p><\/h1><\/div><\/div><\/div><hr class=\"x-line e184-e57 m54-q m54-s m54-t\"><\/hr><\/div><\/div><\/div><div class=\"x-row e184-e58 m54-6 m54-7 m54-g\"><div class=\"x-row-inner\"><div class=\"x-col e184-e59 m54-j m54-k\"><div class=\"x-text x-text-headline e184-e60 m54-u m54-v m54-10 m54-14 m54-16\"><div class=\"x-text-content\"><div class=\"x-text-content-text\"><h1 class=\"x-text-content-text-primary\"><ul>\n \t<li><span>1994<\/span><\/li>\n<\/ul><\/h1><\/div><\/div><\/div><\/div><div class=\"x-col e184-e61 m54-j m54-k\"><div class=\"x-text x-text-headline e184-e62 m54-u m54-v m54-10 m54-14 m54-16\"><div class=\"x-text-content\"><div class=\"x-text-content-text\"><h1 class=\"x-text-content-text-primary\"><span>Ernennung zum Fachanwalt f\u00fcr Verwaltungsrecht<\/span><\/h1><\/div><\/div><\/div><hr class=\"x-line e184-e63 m54-q m54-s m54-t\"><\/hr><\/div><\/div><\/div><div class=\"x-row e184-e64 m54-6 m54-7 m54-h\"><div class=\"x-row-inner\"><div class=\"x-col e184-e65 m54-j m54-k\"><div class=\"x-text x-text-headline e184-e66 m54-u m54-v m54-10 m54-14 m54-16\"><div class=\"x-text-content\"><div class=\"x-text-content-text\"><h1 class=\"x-text-content-text-primary\"><ul>\n \t<li><span>1991<\/span><\/li>\n<\/ul><\/h1><\/div><\/div><\/div><\/div><div class=\"x-col e184-e67 m54-j m54-k\"><div class=\"x-text x-text-headline e184-e68 m54-u m54-v m54-10 m54-14 m54-16\"><div class=\"x-text-content\"><div class=\"x-text-content-text\"><h1 class=\"x-text-content-text-primary\"><span>Ernennung zum Rechtsanwalt<\/span><\/h1><\/div><\/div><\/div><\/div><\/div><\/div><\/div><div class=\"x-col e184-e69 m54-j m54-l m54-m\"><hr class=\"x-line e184-e70 m54-p m54-q m54-s\"><\/hr><a href=\"https:\/\/kanzlei.duaminds.com\/?page_id=182\" class=\"x-text x-text-headline has-graphic e184-e71 m54-u m54-10 m54-14 m54-17 m54-18\"><div class=\"x-text-content\"><span class=\"x-graphic\" aria-hidden=\"true\"><i class=\"x-icon x-graphic-child x-graphic-icon x-graphic-primary\" aria-hidden=\"true\" data-x-icon-s=\"&#xf101;\"><\/i><\/span><div class=\"x-text-content-text\"><h1 class=\"x-text-content-text-primary\">Franziska Str\u00e4ter<\/h1><\/div><\/div><\/a><hr class=\"x-line e184-e72 m54-q m54-s m54-t\"><\/hr><a href=\"https:\/\/kanzlei.duaminds.com\/?page_id=155\" class=\"x-text x-text-headline has-graphic e184-e73 m54-u m54-10 m54-14 m54-17 m54-18\"><div class=\"x-text-content\"><span class=\"x-graphic\" aria-hidden=\"true\"><i class=\"x-icon x-graphic-child x-graphic-icon x-graphic-primary\" aria-hidden=\"true\" data-x-icon-s=\"&#xf101;\"><\/i><\/span><div class=\"x-text-content-text\"><h1 class=\"x-text-content-text-primary\">Philipp Str\u00e4ter<\/h1><\/div><\/div><\/a><hr class=\"x-line e184-e74 m54-q m54-s m54-t\"><\/hr><a href=\"https:\/\/kanzlei.duaminds.com\/?page_id=1105\" class=\"x-text x-text-headline has-graphic e184-e75 m54-u m54-10 m54-14 m54-17 m54-18\"><div class=\"x-text-content\"><span class=\"x-graphic\" aria-hidden=\"true\"><i class=\"x-icon x-graphic-child x-graphic-icon x-graphic-primary\" aria-hidden=\"true\" data-x-icon-s=\"&#xf101;\"><\/i><\/span><div class=\"x-text-content-text\"><h1 class=\"x-text-content-text-primary\">Violetta Dawidowski<\/h1><\/div><\/div><\/a><hr class=\"x-line e184-e76 m54-q m54-s m54-t\"><\/hr><hr class=\"x-line e184-e77 m54-q m54-s m54-t\"><\/hr><\/div><\/div><\/div><\/div><div class=\"x-section e184-e78 m54-0 m54-1 m54-4\"><div class=\"x-row x-container max width e184-e79 m54-6 m54-7 m54-i\"><div class=\"x-row-inner\"><div class=\"x-col e184-e80 m54-j m54-k m54-m\"><div class=\"x-frame x-frame-map-embed e184-e81 m54-1c\"><div class=\"x-frame-inner\"><div class=\"x-map x-map-embed\"><iframe src=\"https:\/\/www.google.com\/maps\/embed?pb=!1m18!1m12!1m3!1d2483.577163322705!2d7.5202736157697965!3d51.5026264796344!2m3!1f0!2f0!3f0!3m2!1i1024!2i768!4f13.1!3m3!1m2!1s0x47b916e14980d17f%3A0x6a918cc5c228ca1a!2sg%C3%B6tz%20str%C3%A4ter%20Rechtsanw%C3%A4lte%20-%20Partnerschaftsgesellschaft!5e0!3m2!1sen!2sid!4v1681919944878!5m2!1sen!2sid\" width=\"600\" height=\"450\" style=\"border:0;\" allowfullscreen=\"\" loading=\"lazy\" referrerpolicy=\"no-referrer-when-downgrade\"><\/iframe><\/div><\/div><\/div><\/div><div class=\"x-col e184-e82 m54-j m54-k m54-n\"><div class=\"x-text x-text-headline e184-e83 m54-u m54-v m54-x m54-z m54-19\"><div class=\"x-text-content\"><div class=\"x-text-content-text\"><h1 class=\"x-text-content-text-primary\">Kontaktieren Sie mich <\/h1><\/div><\/div><\/div><hr class=\"x-line e184-e84 m54-p m54-q m54-s\"><\/hr><a href=\"tel:+%2049%20231%20-%20477%20370%2030\" class=\"x-text x-text-headline has-graphic e184-e85 m54-u m54-v m54-x m54-10 m54-12 m54-18 m54-1a\"><div class=\"x-text-content\"><span class=\"x-graphic\" aria-hidden=\"true\"><i class=\"x-icon x-graphic-child x-graphic-icon x-graphic-primary\" aria-hidden=\"true\" data-x-icon-l=\"&#xf095;\"><\/i><\/span><div class=\"x-text-content-text\"><h1 class=\"x-text-content-text-primary\"> + 49 231 - 477 370 30<\/h1><\/div><\/div><\/a><hr class=\"x-line e184-e86 m54-q m54-s m54-t\"><\/hr><a href=\"tel:+%2049%20231%20-%20477%20370%2033\" class=\"x-text x-text-headline has-graphic e184-e87 m54-u m54-v m54-x m54-10 m54-12 m54-18 m54-1a\"><div class=\"x-text-content\"><span class=\"x-graphic\" aria-hidden=\"true\"><i class=\"x-icon x-graphic-child x-graphic-icon x-graphic-primary\" aria-hidden=\"true\" data-x-icon-l=\"&#xf1ac;\"><\/i><\/span><div class=\"x-text-content-text\"><h1 class=\"x-text-content-text-primary\"> + 49 231 - 477 370 33<\/h1><\/div><\/div><\/a><hr class=\"x-line e184-e88 m54-q m54-s m54-t\"><\/hr><a href=\"tel:%20+%2049%20174%20-%2077%2037%20000\" class=\"x-text x-text-headline has-graphic e184-e89 m54-u m54-v m54-x m54-10 m54-12 m54-18 m54-1a\"><div class=\"x-text-content\"><span class=\"x-graphic\" aria-hidden=\"true\"><i class=\"x-icon x-graphic-child x-graphic-icon x-graphic-primary\" aria-hidden=\"true\" data-x-icon-l=\"&#xf3cd;\"><\/i><\/span><div class=\"x-text-content-text\"><h1 class=\"x-text-content-text-primary\">\u00a0+ 49 174 - 77 37 000<\/h1><\/div><\/div><\/a><hr class=\"x-line e184-e90 m54-q m54-s m54-t\"><\/hr><a href=\"mailto:markus.straeter@kanzlei-am-europaplatz.de\" class=\"x-text x-text-headline has-graphic e184-e91 m54-u m54-v m54-x m54-10 m54-12 m54-18 m54-1a\"><div class=\"x-text-content\"><span class=\"x-graphic\" aria-hidden=\"true\"><i class=\"x-icon x-graphic-child x-graphic-icon x-graphic-primary\" aria-hidden=\"true\" data-x-icon-l=\"&#xf674;\"><\/i><\/span><div class=\"x-text-content-text\"><h1 class=\"x-text-content-text-primary\">markus.straeter@kanzlei-am-europaplatz.de<\/h1><\/div><\/div><\/a><hr class=\"x-line e184-e92 m54-q m54-s m54-t\"><\/hr><a href=\"mailto:markus.straeter@kanzlei-am-europaplatz.de\" class=\"x-text x-text-headline has-graphic e184-e93 m54-u m54-v m54-x m54-10 m54-12 m54-18 m54-1a\"><div class=\"x-text-content\"><span class=\"x-graphic\" aria-hidden=\"true\"><i class=\"x-icon x-graphic-child x-graphic-icon x-graphic-primary\" aria-hidden=\"true\" data-x-icon-s=\"&#xf649;\"><\/i><\/span><div class=\"x-text-content-text\"><h1 class=\"x-text-content-text-primary\">Freie-Vogel-Stra\u00dfe 367, 44269 Dortmund<\/h1><\/div><\/div><\/a><hr class=\"x-line e184-e94 m54-q m54-s m54-t\"><\/hr><a class=\"x-anchor x-anchor-button e184-e95 m54-1d\" tabindex=\"0\" href=\"http:\/\/kanzlei.duaminds.com\/wp-content\/uploads\/2023\/04\/vCard-23.vcf\"><div class=\"x-anchor-content\"><div class=\"x-anchor-text\"><span class=\"x-anchor-text-primary\">Kontakt speichern <\/span><\/div><\/div><\/a><\/div><\/div><\/div><\/div><\/div>\n","protected":false},"excerpt":{"rendered":"<p>Markus Str\u00e4ter Notar &#038; Rechtsanwalt Fachanwalt f\u00fcr VerwaltungsrechtFachanwalt f\u00fcr Bau- und Architektenrecht Geboren: 1962 Ausbildung:&nbsp; 1988 &#8211; 1990 Referendariat am Landgericht Dortmund 1981 &#8211; 1986\u00a0Studium der Rechtswissenschaften an der Ruhr-Universit\u00e4t BochumBeruflicher Werdegang: 2012\u00a0 Bestellung zum Pr\u00fcfer f\u00fcr notarielle Fachpr\u00fcfungen 2007\u00a0 Ernennung zum Notar 2005 Ernennung zum Fachanwalt f\u00fcr Bau- und Architektenrecht 2003\u00a0 Ernennung zum ehrenamtlichen Mitglied der Vergabekammer in der &#8230; <a href=\"https:\/\/kanzlei.duaminds.com\/?page_id=184\" class=\"more-link\">Read More<\/a><\/p>\n","protected":false},"author":1,"featured_media":0,"parent":0,"menu_order":0,"comment_status":"closed","ping_status":"closed","template":"template-blank-4.php","meta":{"footnotes":""},"_links":{"self":[{"href":"https:\/\/kanzlei.duaminds.com\/index.php?rest_route=\/wp\/v2\/pages\/184"}],"collection":[{"href":"https:\/\/kanzlei.duaminds.com\/index.php?rest_route=\/wp\/v2\/pages"}],"about":[{"href":"https:\/\/kanzlei.duaminds.com\/index.php?rest_route=\/wp\/v2\/types\/page"}],"author":[{"embeddable":true,"href":"https:\/\/kanzlei.duaminds.com\/index.php?rest_route=\/wp\/v2\/users\/1"}],"replies":[{"embeddable":true,"href":"https:\/\/kanzlei.duaminds.com\/index.php?rest_route=%2Fwp%2Fv2%2Fcomments&post=184"}],"version-history":[{"count":33,"href":"https:\/\/kanzlei.duaminds.com\/index.php?rest_route=\/wp\/v2\/pages\/184\/revisions"}],"predecessor-version":[{"id":1157,"href":"https:\/\/kanzlei.duaminds.com\/index.php?rest_route=\/wp\/v2\/pages\/184\/revisions\/1157"}],"wp:attachment":[{"href":"https:\/\/kanzlei.duaminds.com\/index.php?rest_route=%2Fwp%2Fv2%2Fmedia&parent=184"}],"curies":[{"name":"wp","href":"https:\/\/api.w.org\/{rel}","templated":true}]}}